
False
Let u = 55 + -61. Let c(x) = -x**3 - 7*x**2 - 9*x - 15. Let l be c(u). Suppose 0 = 4*y - 6*y - l*k + 212, 2*k = -5*y + 541. Is y a composite number?
False
Let o be (-9)/4*56/1. Is (-656250)/o - ((-1)/(-3) - -1) a composite number?
True
Suppose 3*a = -3*j + 260028, -2*a + 4*j = -143317 - 30041. Is a a prime number?
True
Let r(b) = 18*b - 1. Let d(m) = 16*m + 1. Let k(n) = -5*d(n) + 4*r(n). Let j(y) = y**3 - 7*y**2 - 10*y - 1. Let f be j(8). Is k(f) a prime number?
True
Let w(z) be the first derivative of 7*z**3/3 + 25*z**2/2 + 6*z + 49. Is w(-23) a composite number?
True
Suppose -9614 = 2*n + 2*l, -7*n - 24027 = -2*n + l. Suppose 2*j - 4*j + 100 = 4*b, 3*j + 114 = 5*b. Is (-2 + -4)/b - n/4 a prime number?
True
Let j(s) = 175*s**2 + 7*s + 7. Suppose 19 - 171 = -4*b. Let h = b + -42. Is j(h) prime?
False
Suppose -3*d + 2*x = -3600053, -5*d + 3*x + 3579962 + 2420127 = 0. Is d prime?
False
Suppose x = 2*s + 7996, 2*x + x - 5*s - 23984 = 0. Let g = -4969 + -686. Let l = g + x. Is l a prime number?
True
Suppose -u + 7899 = g, 3750 = -u + 2*g + 11649. Is u/1 - (20 - 22) composite?
False
Let l(r) = -3*r**2 + 68 - 232 - 55*r + 111 + 15*r**2 + 55*r**2. Is l(19) composite?
True
Let c be 78920/(-6)*(64/(-20) - -2). Suppose -38*n = -42*n + c. Is n composite?
True
Let d = 413 + -908. Let g = -141 + 1223. Let h = g + d. Is h a prime number?
True
Suppose -5*z + 195640 = 5*u, -4*u + 46112 + 32134 = 2*z. Is z composite?
False
Suppose -5*d + 2345 = u, -2*d + 4*u = -0*u - 960. Let i = d + 21. Is i a prime number?
True
Let h = 241 - 239. Suppose -5*z + 7*r + 6471 = 10*r, h*z + 3*r - 2592 = 0. Is z prime?
False
Let o(x) = 726*x**2 + 8*x + 57. Is o(11) composite?
False
Let j be (-1028)/8 + 6/4. Let i = -590 - -314. Let l = j - i. Is l a composite number?
False
Suppose 6 = 2*i - 22. Let h be ((-1484)/2)/1 + (17 - i). Let k = 2396 + h. Is k a composite number?
False
Suppose 48857079 = -427*z + 187795270 + 148915746. Is z a prime number?
True
Let c(p) = -939*p**3 - 1. Let d be c(-2). Let m = d - -9438. Is m prime?
False
Suppose -3*f + 11 = 152. Let p = 18 - f. Let n = -10 + p. Is n a prime number?
False
Let i = -117 + 138. Suppose i*c = 25*c - 5756. Is c prime?
True
Suppose 0 = 4*x - 8. Suppose 0 = 5*y - 8 - x. Suppose -2*p + c - 848 = -3*p, 5*p = y*c + 4261. Is p composite?
True
Let n be (16/(-24))/((-8)/(-84)). Is (-40882)/(-12) + n/(-42) a composite number?
False
Suppose -6*q + q - 4*g = -5770, 3*q - 3425 = 5*g. Let d = 16 + q. Suppose 3*u + a - d = 0, 2 = a + 3. Is u prime?
True
Suppose 15*n = 13*n + 3180. Let x be 1 - 152*(-18)/3. Let u = n - x. Is u prime?
True
Suppose -775*m + 4*a = -770*m - 1398011, -m + 5*a = -279577. Is m composite?
False
Let c = 55714 + -35377. Suppose 2*v + v - c = 0. Is v a composite number?
False
Let c be (39 - 33)/(-1 + (-2 - -4)). Suppose 4 + 4 = -a - 3*o, 5*o = -10. Is -2 - 5932/c*3/a composite?
False
Let w = 229887 - 103234. Is w a composite number?
False
Let y(l) be the second derivative of -18*l**3 - 19*l**2/2 + 14*l. Let h be y(-5). Suppose 2953 = 3*q + 4*t, 4*q = 2*t + h + 3453. Is q a composite number?
False
Let c = 150 - 148. Let k(u) = 591*u**3 + u**2 - 10*u + 23. Is k(c) prime?
False
Let w be 1 - 24/4 - (5 - 2). Is (-1 + 0)*w/(16/3386) composite?
False
Let u(q) = -200*q**3 - 2*q**2 - 2*q + 2. Let s be u(-3). Suppose -b + 2254 = 17*i - 12*i, -1 = b. Suppose i - s = -11*g. Is g composite?
False
Suppose 0 = -10*w + 55160 + 28890. Suppose -q - 4*r + 4253 = 0, -2*q + w = -r - 92. Is q a prime number?
False
Suppose 20*f - 121032 = 272128. Is f a prime number?
False
Suppose -29*b - 14*b = -13627166 - 11010243. Is b composite?
False
Suppose 12*g - 10*g = 36. Suppose -g*c - c + 128459 = 0. Is c a prime number?
True
Let x(c) = -2*c**3 - 4*c**2 + 36*c - 37. Let k(g) = -2*g - 20. Let y be k(0). Is x(y) composite?
True
Let y be -6*(10/(-15))/(0 + -2). Let p be -12*-1*y/(-6). Suppose 34 = -4*a - o + 1687, 0 = -p*o + 4. Is a prime?
False
Let c be 0*((-18)/4 + 5). Suppose c = -21*b + 17*b + 4604. Is b composite?
False
Suppose 0 = 17*l - 19*l - 5*c + 109088, -54549 = -l - 5*c. Is l a composite number?
False
Let b = 41 - 46. Let l be (3 - 1)/(-2) - b. Suppose l*k - 309 = 215. Is k composite?
False
Suppose 134 = 15*s - 13*s. Let a = s + -64. Suppose a*p - 496 - 2243 = 0. Is p prime?
False
Let f be (3 + 77/14)/((-1)/380). Let j = f + 6447. Is j a prime number?
True
Let c be ((-3)/(-4))/((-51)/(-272)). Let b(d) = -d**3 - 3*d**2 - 2*d - 3. Let y be b(-3). Suppose -443 = -y*i + c*j, -7*j - 145 = -i - 3*j. Is i a prime number?
True
Suppose -m = -1, 3*m - 12 = -4*x - 1. Let l be 1/x*28/(-2). Let h(s) = -128*s - 9. Is h(l) a prime number?
True
Let s(q) = -32640*q + 7441. Is s(-10) composite?
True
Let n(h) = 461*h - 109. Let d be n(5). Suppose -8 = 2*c, -4*c - 7363 + d = -3*y. Is y prime?
False
Suppose -61*x + 280 = -54*x. Is 16001/5 - 48/x a prime number?
False
Suppose 3*f + 79 = -2*i - 1352, -3*f - 1422 = -i. Suppose -4*l - 9*w + 3700 = -10*w, 0 = 4*l - 4*w - 3712. Let s = f + l. Is s a composite number?
False
Suppose -5*x = i - 141133, -18*i + 15*i - 2*x + 423399 = 0. Is i composite?
True
Suppose 8096 = 11*k - 55550. Let q = -49 + k. Is q prime?
True
Suppose 0 = 4*f - r - 5190205, 135*f - 2*r - 6487763 = 130*f. Is f prime?
False
Suppose -4*u = 5*s - 684647, 5*s - 37968 = -2*u + 646683. Is s composite?
True
Suppose 5*s = -z + 2646, -3*z + 0*s - 4*s + 7916 = 0. Suppose 50 = 5*f + 3*d, 2*f + 0*d - 20 = -2*d. Suppose z + 1674 = f*n. Is n prime?
True
Let p be (-368)/(-3) - 4/(-3). Let h be p/(-16) - (13/4 - 3). Is (4/h)/((-2)/536) a composite number?
True
Suppose i = 5*p + 30, 0 = 5*p + 2*i + 17 - 2. Is (1 - 12/(-9))/(p/(-2865)) a composite number?
True
Suppose 8*o - 357168 = -109240. Is o prime?
False
Suppose m + 4*m = 6*m - 8597. Is m prime?
True
Let j(s) = 7*s - 25 + 23*s**2 + 4 - 10. Let w be j(-11). Suppose 5*h - w = 2480. Is h a prime number?
True
Is (-1)/(1/(-3)*(-9)/(-160959)) prime?
True
Let a = 860 + -317. Let t = a - -92. Is t a prime number?
False
Let o = -4947 + 27933. Let u = -6881 + o. Is u a prime number?
False
Suppose 19*d = 15*d + 20. Suppose -d*m - 3*i - 1588 = -6*i, 1580 = -5*m + 5*i. Is 1 - 1 - (-6 + m + -5) a prime number?
True
Suppose -c + 0*o + 25373 = -6*o, -4*o + 76163 = 3*c. Is c a composite number?
True
Suppose -12*x = -9*x - 15. Suppose 3*n = x*n - 18. Suppose -5*o + n*o = 8636. Is o a prime number?
False
Suppose -5*r - 1078671 = -38*r. Is r a composite number?
False
Let y = 7 + -16. Let v(d) = -2*d**2 - 1. Let s(c) = -3*c + 16. Let t(h) = -s(h) - 3*v(h). Is t(y) prime?
False
Let m(o) be the third derivative of -17*o**6/90 + o**5/120 + 17*o**4/24 - 8*o**2. Let c(b) be the second derivative of m(b). Is c(-10) a prime number?
True
Let s be (16 - 11)*-4*1/(-5). Suppose k - s*j = 1070, -4*k + 5*j = 894 - 5152. Suppose 9*c - k = 3*c. Is c prime?
False
Is (-17260)/(-50)*382*(-20)/(-16) a prime number?
False
Let d be 16/12 + (-3)/(45/2090). Let k = 496 + d. Is k a prime number?
False
Suppose 2*h - h - 41 = -j, 4*j - h - 159 = 0. Suppose -35*f + j*f - 30 = 0. Is (-3)/((f/422)/(-1)) composite?
False
Suppose 2*a - 261026 = 5*p, 63*a - 64*a = -2*p - 130513. Is a a composite number?
False
Is 17/187 - (-19525900)/22 prime?
False
Suppose -8*l = 472 - 80. Let k = -45 - l. Suppose k*w - 2*w - 982 = 0. Is w composite?
False
Is (-440436158)/(-2315) + 2/(-10) prime?
False
Suppose -3*m - 5 = -k, -3*m + 5*k + 26 = 15. Let h(t) = 2 - 2 + 4 - 543*t. Is h(m) composite?
True
Suppose v - 857 = -r, -2*r + 3*v - 849 = -3*r. Suppose r*q + 62793 = 864*q. Is q composite?
True
Let d(p) = 2*p**3 - 84*p**2 + 4*p - 23. Is d(43) composite?
False
Let d(f) = f**2 + 5*f + 3. Let y be d(-5). Let g(j) = 2*j - 3. Let t be g(y). Suppose -3123 = -t*q + 6. Is q a composite number?
True
Let k = -9 - -25. Suppose 2*r = 3*g + k, -4*r + 10 = -10. Is (-1 + g - 0) + 18 composite?
True
Let t = -57680 + 137579. Is t a prime number?
False
Let t be -4 - -1 - (-861)/(-21). Suppose -15 = 4*p - 7. Is (47/p)/(46/t + 1) composite?
True
Suppose s = -2*w + 24912, -41*w - 2*s = -45*w + 49848. Is w a composite number?
True
Let g be (8/14)/((-698)/2443). Let u = -8 - -14. Is g/u - 2664/(-54) composite?
True
Let y be ((2 - 28)/(2/1))/(-1). Suppose -15*c + 128 = -y*c. Suppose h = -